ulate -25 + (3 - -2) + -31 + 6 + 21.
-24
What is the value of -4 + -7 + (58 - 41)?
6
27 - ((-10 - -17) + -13 - -18)
15
-1 + 26 + 0 + (26 - 25)
26
Evaluate (-1 + 3 - 0) + -9.
-7
Calculate (-8 - -3) + (-18 - -16 - -13).
6
Calculate 14 + -5 + -11 + 12.
10
Evaluate 23 + -8 + -50 + 34.
-1
Calculate -24 - (-21 + -7) - 3.
1
Calculate (20 + -30 - 3) + 1.
-12
Evaluate -24 + (-14 - -5) + 22 + (8 - 0).
-3
Evaluate -15 - -23 - (11 - (-8 - -1)).
-10
Evaluate 18 - (-119 - -121 - (2 - 1)).
17
What is -2 + 0 + 12 + (5 + 9 - 18)?
6
36 + -9 + -10 + 12 + -1
28
Evaluate 1 - (-14 + 27 + -14 - (1 - 18)).
-15
What is the value of 7 - (14 - (29 + -37))?
-15
What is the value of -4 - ((1 - -1) + -31 + 30)?
-5
What is (3 - (2 + -1)) + 5 + (-7 - 1)?
-1
Calculate 3 + 4 + 3 - (167 - 149).
-8
What is the value of -3 + 3 + (-1 - (19 - -7 - 8))?
-19
Calculate 12 - 15 - -6 - 17.
-14
Calculate -7 + 1 + -6 + 26 + 6 + 3.
23
Calculate (6 - 16) + (5 - -26) + -8.
13
Evaluate -17 - -1 - (0 - (-11 - -19)).
-8
What is the value of 4 + -6 + 5 + -5 + (1 - -2)?
1
What is the value of (-3 + 2 - 0) + -3 + (-5 - -10)?
1
What is -1 - -2 - (2 + 28 - 23)?
-6
What is the value of (2 - -22) + (46 - (-8 - -52))?
26
Evaluate 2 + -14 + 38 + -11.
15
Evaluate 25 + (-5 - (-28 - -80)).
-32
Calculate 6 + (-6 - (2 + -3) - -28 - 11).
18
Evaluate -6 - (-8 + -7 - -8).
1
What is (23 - (22 - 11)) + -11 + -4?
-3
What is -12 - (1 - (-13 + 46))?
20
What is (-12 - (5 - 10) - -11 - 9) + -2?
-7
Calculate (2 - -1) + (45 - 47).
1
What is 3 - (-12 - (6 + -16))?
5
Calculate -4 - 1 - (86 + -102).
11
What is the value of 0 - ((55 - 25) + -32)?
2
What is the value of (-2 - 31) + (-9 + 33 + -7 - 8)?
-24
What is -1 + -11 - (-23 - (-50 - -23))?
-16
Evaluate 4 - ((2 - -6) + -9 + -7).
12
What is (10 - 14) + (-6 + 5 - 19) + -2?
-26
What is the value of -5 + (9 - -1) - -7?
12
What is -4 + 11 + -2 + -10?
-5
What is -2 - -2 - (-55 + 66)?
-11
What is the value of (7 + -11 - 15) + 2?
-17
What is 1 + (8 - 29) + -4 + 11 - -3?
-10
10 + -2 - 5 - 3
0
11 + (3 + -5 + 5 - 2 - -1)
13
-6 - 10 - -18 - (-3 - -7)
-2
What is (5 - 0) + -69 + 64?
0
What is (-1 - -11 - -17 - 14) + -26?
-13
Calculate -10 - (-15 + 7 + 1 - -8).
-11
-723 - -733 - (-1 - -19)
-8
Evaluate (-4 + -1 - -1) + 1 + 2.
-1
(51 - -4) + -75 - (-1 - -14)
-33
Calculate (-1227 - -1216) + 9 + (0 - 2).
-4
Evaluate 1 - (-3 - (-11 - -2) - (2 + 25)).
22
Calculate -14 - -9 - -16 - (20 + -2).
-7
-38 + (89 - (72 + -38))
17
(33 - 24) + 7 - (-2 + 2 + -2)
18
Evaluate (9 - -2) + -7 + (-3 - (-2 - -2)).
1
Evaluate (147 - 105) + -4 + -3 + 0.
35
What is 39 + 3 + (-57 - -11 - -30)?
26
Evaluate 11 + 9 - 3 - (3 - -2) - -7.
19
Evaluate -12 + ((-25 - -43) + -30 - (1 + 3)).
-28
Evaluate (41 - 75) + 26 - (-2 - -1).
-7
Evaluate 98 - 74 - (31 - -1).
-8
Calculate (0 - -6) + 0 + (-10 - (18 - 12)).
-10
What is the value of 8 + (-6 - (11 - 8) - (-5 - 0))?
4
What is the value of 0 + 28 + -5 + -41?
-18
41 + -11 + 21 + (-8 - 6)
37
(-19 - 1) + 19 + 23
22
Calculate (-3 + 1 - 3) + -9 + 4 + 3.
-7
What is the value of -63 - (-55 - 42) - (11 - 1)?
24
What is 22 + -12 - 35 - -2?
-23
-12 - (7 + 4 + -17 + 6)
-12
What is the value of 44 + -18 + -14 + -29?
-17
Calculate 0 - (11 + -6 + -16).
11
Evaluate 1 + 3 + (42 - 39).
7
What is ((-1 - -1) + -6 - (169 + -179)) + 8?
12
What is the value of 4 + 33 - 31 - 14?
-8
Calculate (-15 - (-4 - (-9 - 0))) + 4.
-16
-3 + 0 + -1 + 59 + -61
-6
Calculate (57 - (107 - 42)) + (0 - -8).
0
(4 - (2 - 4)) + 2 + -5
3
What is (-11 - (-8 + -18)) + -27?
-12
Calculate 11 - 1 - (151 - 147).
6
(9 - (-14 - -39 - 3)) + -5
-18
-2 + 2 + (-4 - 2) + -84 + 86
-4
Calculate 0 + (-37 + 18 - ((2 - 4) + -5)).
-12
What is the value of -11 + -6 + -3 + (9 - -2)?
-9
What is the value of (-12 + 1 - 5) + -4 + 5 + 4?
-11
Evaluate -3 - (5 - 3) - (10 - (10 + -5)).
-10
What is the value of -3 + 25 - (6 + -6 + 7)?
15
Evaluate -31 + 10 + 19 + -2.
-4
Evaluate 20 - (-5 + 6 - -14).
5
What is the value of -35 - (56 - 33 - 38)?
-20
-5 - -1 - (28 + (-16 - 13))
-3
What is (-1 - (4 + -11)) + 0 + -8?
-2
Calculate -16 + 1 + 15 + (-11 - 2).
-13
What is the value of (-7 - 41) + 27 - -18?
-3
Evaluate 28 + 6 - (8 - (7 + 1) - -8).
26
What is the value of 0 - (-1 - 17) - (-34 + (-44 - -76))?
20
What is -9 + -4 - (15 + 2)?
-30
Calculate -21 - -21 - (6 - (7 + 0)) - -4.
5
What is the value of 5 - 0 - ((-27 - -23) + 9)?
0
What is the value of -9 - -1 - ((-27 - -27) + (-2 - -6))?
-12
Calculate -5 - (2 - (-3 - -7)) - 2 - 4.
-9
Evaluate (19 - (-9 + 15)) + -8 - (-1 + -1).
7
Evaluate -14 - (-11 + (3 - 11)).
5
Evaluate -7 - 0 - (10 - (-8 + (16 - 0))).
-9
What is the value of 0 + 4 + 0 - (-7 + -33 + 43)?
1
What is (-2 - 2 - 2) + (31 + -26 - -11)?
10
What is (1 - -3 - (7 - 11)) + 20 + -18?
10
What is the value of 149 - 143 - (17 + 8)?
-19
Evaluate 11 + (-16 - (-16 + 20 + 15)).
-24
Evaluate 8 - (-8 + 11) - (36 - 64).
33
What is the value of (-30 - -15) + 0 + 1 + -1 + -5?
-20
Calculate -53 + 54 - (4 + 1).
-4
18 + 1 + (1 - (-4 + 15)) + 4
13
Calculate -2 + 8 - (1 - (18 - 5) - -6).
12
What is the value of 3 + -3 + -1 - (242 + -269)?
26
Evaluate 0 + -6 - (-5 - (5 - (2 + 1))).
1
What is the value of (3 - ((8 - 9) + 3)) + 10?
11
What is the value of 1 + 16 + (82 - 112)?
-13
48 + (-31 + 50 - 33)
34
Calculate 14 + 4 - (0 - 0 - (45 - 44)).
19
Calculate (9 - (7 - 4)) + 10 + -1 + -14.
1
(49 - 40) + (-2 - 19) + -2
-14
-10 - (-10 + -2 + 9)
-7
Calculate -15 + (16 - (47 - (0 + 7))).
-39
What is the value of (-4 - -35) + (-12 + -4 - -9 - -9)?
33
Calculate (-1 + 8 - -6) + -7 - 14.
-8
What is the value of (3 - -15) + (-9 - 5)?
4
What is the value of (-1 - 8) + (14 - 10) + (-1 - -3)?
-3
What is the value of 7 + (15 - 1) + -24 + (21 - -2)?
20
What is the value of -27 + (0 + -1 - -1) - (19 + -27)?
-19
What is the value of (23 + -5 - 27) + (10 - -1)?
2
What is the value of -3 + 13 + -40 + -5 + 17?
-18
Evaluate 9 + (2 + 4 - -3) + -8.
10
Evaluate 2 + 10 - (-61 + (-6 - -99)).
-20
Evaluate -4 - (-6 + (-4 - -4) + 7 + 3).
-8
-7 + (8 - (4 - (-5 - -4))) + 12
8
Calculate -9 - ((-11 - 13) + 26 + -8 + 1).
-4
Calculate (1 - 0) + -22 + (13 + -12 - -4).
-16
1 - (-1 - -5) - (383 + -378)
-8
Evaluate 11 - (-3 + -1 - (-1 - (20 + -14))).
8
Calculate (-13 - (8 - 49)) + 6 + -10.
24
What is (2 - -25) + -81 + 69 - -11?
26
Evaluate 10 + -2 + -15 - (1 - -3).
-11
What is 0 + -3 + (1 - -1) + -401 + 404?
2
Evaluate 2 - (-15 + 14 - 7).
10
What is the value of -19 - -12 - (14 - 35 - -11)?
3
Calculate -2 - (0 + -1) - (8 + 7 - 1).
-15
What is the value of (11 + -3 - 18) + -6?
-16
Calculate 6 + (4 - (-8 + 8) - (-1 - -18)).
-7
What is the value of 23 + (0 - 4) + (16 + -14 - 6)?
15
-6 - (10 - 60 - (-7 - (-3 + 1)))
39
Evaluate (0 + 4 - 6) + 2 + -6 + 3.
-3
What is the value of -24 + 37 + -12 + -2 - 1?
-2
Calculate -11 - (-6 - -14) - -13.
-6
What is 13 + (21 - 31) - (-10 - -7 - 2)?
8
18 + -23 - 1 - 5
-11
What is the value of -2 + -1 - -6 - (9 + 6 + -7)?
-5
What is 1 - (-1 - -2) - (-7 + 17 - -13)?
-23
What is the value of -1 + 17 + -117 + 111?
10
Evaluate (51 - (-2 + 50)) + -1 + 10.
12
Calculate -6 - (-7 - -12 - -7 - 2).
-16
Calculate 39 + -20 + -31 + 1 + 8.
-3
What is the value of -6 - (-18 + 5 - -1)?
6
Calculate -2 - 10 - (-10 - 8 - 16).
22
Calculate -10 + (8 - -1) + (-5 - (29 - 4)).
-31
Evaluate (47 - 20) + -10 - 0.
17
Evaluate 2 + (12 - (-2 - -5)).
11
What is the value of 16 + (-14 - 15 - -5)?
-8
Calculate (-20 - -36) + -39 + -3.
-26
Evaluate (-10 + 13 - -26) + 24 + -29.
24
Calculate -16 + (-5 + 9 - -26).
14
Evaluate 8 + -1 + (98 + -97 - (-1 - 1)).
10
6 + (5 - (-5 - -16))
0
What is 13 + 1 - (33 - (22 - 26))?
-23
What is (24 - 25) + 11 + -17 + 2?
-5
Calculate (18 - (-4 + 21)) + (4 - 3).
2
Calculate -1 + (0 - 1) - ((-60 - -136) + -85).
7
Calculate 42 + -18 - 25 - -8.
7
Calculate -5 + 3 + 12 + (-5 - (-1 + 0)).
6
What is -5 + -3 + (4 - ((5 - 3) + 4))?
-10
Calculate 9 + -9 + 1 + (-1 - -7) - -3.
10
What is -353 + 369 + 1 + -10 - -1?
8
Calculate 7 - (-23 - (-12 + 1) - 0).
19
Calculate (3 - 6 - -7) + (-10 - -2) - -23.
19
What is -6 + 13 + 2 + (57 - 58)?
8
Evaluate 3 + -4 + -4 - (20 + -13).
-12
What is -8 + 23 + -6 + -2?
7
What is (1 - 0) + -125 + 110?
-14
-3 - ((2 - (-10 + 5 + 1)) + -6)
-3
What is -14 - -2 - (-1 + -17)?
6
(-13 - -8) + 4 + 1 + (3 - 2)
1
What is (-5 - (-3 + 0)) + 10 - (-3 - 1)?
12
7 + 23 - 1 - 19
10
Wha